{"id":1188,"date":"2022-07-15T10:33:10","date_gmt":"2022-07-15T02:33:10","guid":{"rendered":"http:\/\/en.sunbel.com.cn\/?post_type=product&#038;p=1188"},"modified":"2022-07-15T10:33:10","modified_gmt":"2022-07-15T02:33:10","slug":"x-ray-view-box","status":"publish","type":"product","link":"http:\/\/sunbel.com.cn\/?product=x-ray-view-box","title":{"rendered":"X ray view box"},"content":{"rendered":"<p>L\u00d7H\u00d7D 1200\u00d7600\u00d7120 four frames<\/p>\n<p>L\u00d7H\u00d7D 1200\u00d71000\u00d7120 six frames<\/p>\n<p>Use a unique aluminum alloy, uniformity of illumination, transparency of membrane.<\/p>\n<p>Features:<\/p>\n<p>1) Roller latches make easy to insert and retrieve pictures.<\/p>\n<p>2) Brightness more than 700LX.<\/p>\n<p>3) Installed propylene plate, effectively filtering harmful yellow light.<\/p>\n<p>4) Carcass made of \u00a0brushed stainless steel 1.5mm.<\/p>\n","protected":false},"excerpt":{"rendered":"<p>L\u00d7H\u00d7D 1200\u00d7600\u00d7120 four frames<\/p>\n<p>L\u00d7H\u00d7D 1200\u00d71000\u00d7120 six frames<\/p>\n<p>Use a unique aluminum alloy, uniformity of illumination, transparency of membrane.<\/p>\n<p>Features:<\/p>\n<p>1) Roller latches make easy to insert and retrieve pictures.<\/p>\n<p>2) Brightness more than 700LX.<\/p>\n<p>3) Installed propylene plate, effectively filtering harmful yellow light.<\/p>\n<p>4) Carcass made of \u00a0brushed stainless steel 1.5mm.<\/p>\n","protected":false},"featured_media":1190,"comment_status":"closed","ping_status":"closed","template":"","meta":[],"product_cat":[71],"product_tag":[],"class_list":{"0":"post-1188","1":"product","2":"type-product","3":"status-publish","4":"has-post-thumbnail","6":"product_cat-equipment-operating-theatre","8":"first","9":"instock","10":"shipping-taxable","11":"product-type-simple"},"featured_image_urls":{"full":["http:\/\/sunbel.com.cn\/wp-content\/uploads\/2022\/07\/7051014_4-\u526f\u672c.jpg",773,1280,false],"thumbnail":["http:\/\/sunbel.com.cn\/wp-content\/uploads\/2022\/07\/7051014_4-\u526f\u672c-150x150.jpg",150,150,true],"medium":["http:\/\/sunbel.com.cn\/wp-content\/uploads\/2022\/07\/7051014_4-\u526f\u672c-181x300.jpg",181,300,true],"medium_large":["http:\/\/sunbel.com.cn\/wp-content\/uploads\/2022\/07\/7051014_4-\u526f\u672c-768x1272.jpg",768,1272,true],"large":["http:\/\/sunbel.com.cn\/wp-content\/uploads\/2022\/07\/7051014_4-\u526f\u672c-618x1024.jpg",618,1024,true],"1536x1536":["http:\/\/sunbel.com.cn\/wp-content\/uploads\/2022\/07\/7051014_4-\u526f\u672c.jpg",773,1280,false],"2048x2048":["http:\/\/sunbel.com.cn\/wp-content\/uploads\/2022\/07\/7051014_4-\u526f\u672c.jpg",773,1280,false],"woocommerce_thumbnail":["http:\/\/sunbel.com.cn\/wp-content\/uploads\/2022\/07\/7051014_4-\u526f\u672c-300x497.jpg",300,497,true],"woocommerce_single":["http:\/\/sunbel.com.cn\/wp-content\/uploads\/2022\/07\/7051014_4-\u526f\u672c-600x994.jpg",600,994,true],"woocommerce_gallery_thumbnail":["http:\/\/sunbel.com.cn\/wp-content\/uploads\/2022\/07\/7051014_4-\u526f\u672c-100x100.jpg",100,100,true],"shop_catalog":["http:\/\/sunbel.com.cn\/wp-content\/uploads\/2022\/07\/7051014_4-\u526f\u672c-300x497.jpg",300,497,true],"shop_single":["http:\/\/sunbel.com.cn\/wp-content\/uploads\/2022\/07\/7051014_4-\u526f\u672c-600x994.jpg",600,994,true],"shop_thumbnail":["http:\/\/sunbel.com.cn\/wp-content\/uploads\/2022\/07\/7051014_4-\u526f\u672c-100x100.jpg",100,100,true]},"post_excerpt_stackable":"<p>L\u00d7H\u00d7D 1200\u00d7600\u00d7120 four frames<\/p>\n<p>L\u00d7H\u00d7D 1200\u00d71000\u00d7120 six frames<\/p>\n<p>Use a unique aluminum alloy, uniformity of illumination, transparency of membrane.<\/p>\n<p>Features:<\/p>\n<p>1) Roller latches make easy to insert and retrieve pictures.<\/p>\n<p>2) Brightness more than 700LX.<\/p>\n<p>3) Installed propylene plate, effectively filtering harmful yellow light.<\/p>\n<p>4) Carcass made of \u00a0brushed stainless steel 1.5mm.<\/p>\n","category_list":"","author_info":{"name":"","url":""},"comments_num":"0 comments","_links":{"self":[{"href":"http:\/\/sunbel.com.cn\/index.php?rest_route=\/wp\/v2\/product\/1188","targetHints":{"allow":["GET"]}}],"collection":[{"href":"http:\/\/sunbel.com.cn\/index.php?rest_route=\/wp\/v2\/product"}],"about":[{"href":"http:\/\/sunbel.com.cn\/index.php?rest_route=\/wp\/v2\/types\/product"}],"replies":[{"embeddable":true,"href":"http:\/\/sunbel.com.cn\/index.php?rest_route=%2Fwp%2Fv2%2Fcomments&post=1188"}],"wp:featuredmedia":[{"embeddable":true,"href":"http:\/\/sunbel.com.cn\/index.php?rest_route=\/wp\/v2\/media\/1190"}],"wp:attachment":[{"href":"http:\/\/sunbel.com.cn\/index.php?rest_route=%2Fwp%2Fv2%2Fmedia&parent=1188"}],"wp:term":[{"taxonomy":"product_cat","embeddable":true,"href":"http:\/\/sunbel.com.cn\/index.php?rest_route=%2Fwp%2Fv2%2Fproduct_cat&post=1188"},{"taxonomy":"product_tag","embeddable":true,"href":"http:\/\/sunbel.com.cn\/index.php?rest_route=%2Fwp%2Fv2%2Fproduct_tag&post=1188"}],"curies":[{"name":"wp","href":"https:\/\/api.w.org\/{rel}","templated":true}]}}